6
-101
-3 (base 12) to base 10
-3
-325 (base 6) to base 7
-236
-38 (base 14) to base 2
-110010
Convert -1 (base 5) to base 16.
-1
-17 (base 12) to base 11
-18
What is -1 (base 2) in base 12?
-1
Convert -70 (base 14) to base 15.
-68
-3 (base 11) to base 9
-3
Convert -131 (base 16) to base 10.
-305
What is 1011 (base 2) in base 15?
b
-15 (base 10) to base 7
-21
-73 (base 8) to base 13
-47
What is 100 (base 2) in base 12?
4
3 (base 9) to base 15
3
What is -1 (base 10) in base 3?
-1
1 (base 16) to base 11
1
What is 0 (base 10) in base 6?
0
What is 2 (base 10) in base 11?
2
Convert -5 (base 9) to base 11.
-5
Convert 13 (base 5) to base 8.
10
What is -2121 (base 3) in base 9?
-77
Convert -5 (base 10) to base 14.
-5
Convert -23 (base 12) to base 13.
-21
Convert -11 (base 6) to base 15.
-7
What is 222 (base 3) in base 4?
122
What is 132 (base 15) in base 4?
10100
1 (base 9) to base 4
1
What is 2 (base 3) in base 13?
2
What is -100 (base 2) in base 7?
-4
294 (base 10) to base 16
126
Convert -3 (base 11) to base 12.
-3
What is 0 (base 5) in base 9?
0
Convert -1241 (base 5) to base 6.
-524
-15 (base 15) to base 2
-10100
Convert -20100 (base 3) to base 6.
-443
Convert 17 (base 9) to base 16.
10
What is -1 (base 10) in base 3?
-1
What is 10 (base 5) in base 4?
11
Convert 88 (base 12) to base 14.
76
6 (base 15) to base 5
11
Convert 1 (base 9) to base 12.
1
Convert 0 (base 6) to base 16.
0
2 (base 13) to base 5
2
430 (base 7) to base 8
331
Convert -12 (base 14) to base 2.
-10000
Convert 1a (base 16) to base 4.
122
Convert 4 (base 15) to base 7.
4
-4 (base 7) to base 3
-11
Convert -2 (base 16) to base 13.
-2
Convert 6 (base 16) to base 12.
6
What is -5 (base 12) in base 2?
-101
Convert -6 (base 15) to base 8.
-6
What is 13 (base 5) in base 11?
8
-29 (base 11) to base 8
-37
Convert -14 (base 8) to base 12.
-10
-4 (base 5) to base 2
-100
Convert -81 (base 13) to base 14.
-77
Convert -4d (base 14) to base 4.
-1011
What is 56 (base 11) in base 3?
2021
10 (base 10) to base 2
1010
What is 30 (base 12) in base 10?
36
-32 (base 7) to base 6
-35
Convert b (base 15) to base 6.
15
What is 49 (base 11) in base 13?
41
-4 (base 14) to base 15
-4
What is 3 (base 14) in base 16?
3
Convert 0 (base 13) to base 5.
0
Convert 13 (base 16) to base 11.
18
Convert -1 (base 2) to base 12.
-1
-2 (base 9) to base 6
-2
Convert 5 (base 8) to base 16.
5
What is -1 (base 9) in base 14?
-1
What is -b (base 15) in base 10?
-11
Convert 17 (base 12) to base 16.
13
What is 4 (base 16) in base 10?
4
What is -241 (base 6) in base 15?
-67
Convert -6 (base 13) to base 3.
-20
Convert -1 (base 4) to base 5.
-1
Convert -2a (base 15) to base 9.
-44
Convert 22 (base 8) to base 7.
24
-4 (base 7) to base 11
-4
What is 11 (base 11) in base 15?
c
-3 (base 9) to base 10
-3
What is -b (base 16) in base 3?
-102
-2 (base 4) to base 10
-2
What is 0 (base 9) in base 11?
0
What is 16 (base 15) in base 13?
18
What is 3a (base 11) in base 4?
223
Convert -153 (base 9) to base 7.
-243
Convert 0 (base 10) to base 7.
0
-4 (base 7) to base 8
-4
Convert 6 (base 11) to base 9.
6
What is 3 (base 6) in base 5?
3
Convert 4c (base 16) to base 7.
136
Convert -1aa (base 15) to base 12.
-281
Convert 69 (base 10) to base 4.
1011
-4 (base 6) to base 4
-10
3 (base 15) to base 7
3
-1013 (base 5) to base 4
-2011
Convert -24 (base 13) to base 6.
-50
24 (base 14) to base 6
52
What is 10 (base 9) in base 16?
9
3a (base 15) to base 13
43
-11 (base 7) to base 3
-22
What is -325 (base 7) in base 9?
-204
-50 (base 8) to base 7
-55
Convert 3 (base 13) to base 4.
3
Convert -25 (base 7) to base 14.
-15
What is -1 (base 9) in base 3?
-1
What is -c (base 16) in base 6?
-20
Convert 6 (base 7) to base 10.
6
What is 10 (base 4) in base 2?
100
1 (base 14) to base 3
1
What is -1 (base 13) in base 8?
-1
What is -34 (base 5) in base 4?
-103
What is -8 (base 14) in base 6?
-12
23 (base 8) to base 15
14
What is 102 (base 3) in base 11?
10
What is 1 (base 3) in base 4?
1
What is -1 (base 9) in base 16?
-1
What is -3 (base 6) in base 10?
-3
What is 425 (base 6) in base 8?
241
Convert 11 (base 3) to base 12.
4
Convert -5 (base 15) to base 3.
-12
Convert 29 (base 10) to base 15.
1e
Convert -21 (base 13) to base 9.
-30
What is 22 (base 16) in base 11?
31
Convert b (base 13) to base 12.
b
Convert 9 (base 11) to base 2.
1001
-11 (base 2) to base 8
-3
What is -3 (base 15) in base 10?
-3
What is -12 (base 7) in base 12?
-9
Convert -1 (base 2) to base 3.
-1
What is 3 (base 15) in base 12?
3
0 (base 9) to base 7
0
What is -255 (base 6) in base 5?
-412
Convert -24 (base 7) to base 12.
-16
Convert 11 (base 10) to base 4.
23
Convert -d (base 15) to base 3.
-111
Convert 2 (base 6) to base 5.
2
What is 2c (base 15) in base 10?
42
What is 300 (base 4) in base 8?
60
What is 1 (base 13) in base 14?
1
What is 2 (base 5) in base 4?
2
What is 1101011 (base 2) in base 7?
212
What is -313 (base 6) in base 2?
-1110101
Convert -17 (base 10) to base 7.
-23
Convert -1a (base 12) to base 15.
-17
What is 10 (base 4) in base 13?
4
0 (base 11) to base 8
0
8 (base 11) to base 7
11
Convert -75 (base 12) to base 5.
-324
What is 0 (base 13) in base 16?
0
118 (base 9) to base 10
98
-5 (base 13) to base 14
-5
Convert 10000010 (base 2) to base 14.
94
Convert -7d (base 16) to base 7.
-236
Convert 31 (base 11) to base 6.
54
What is 12 (base 3) in base 15?
5
What is 0 (base 13) in base 15?
0
1110 (base 3) to base 15
29
What is 67 (base 12) in base 9?
87
Convert 401 (base 7) to base 9.
238
66 (base 11) to base 7
132
324 (base 7) to base 10
165
What is 2b (base 12) in base 8?
43
5 (base 16) to base 9
5
c (base 16) to base 2
1100
What is 4 (base 13) in base 14?
4
Convert 4 (base 14) to base 9.
4
Convert -17 (base 10) to base 2.
-10001
What is -7 (base 8) in base 3?
-21
What is 10 (base 15) in base 16?
f
-202 (base 6) to base 11
-68
99 (base 15) to base 11
121
What is -1 (base 14) in base 4?
-1
What is -1 (base 11) in base 13?
-1
21 (base 5) to base 14
b
What is -12 (base 10) in base 2?
-1100
Convert -1a2 (base 13) to base 7.
-610
-2 (base 13) to base 5
-2
Convert -44 (base 8) to base 2.
-100100
-110111 (base 2) to base 11
-50
11 (base 10) to base 2
1011
Convert 4 (base 8) to base 12.
4
11 (base 14) to base 4
33
12 (base 5) to base 2
111
What is -5 (base 16) in base 12?
-5
Convert 100 (base 2) to base 13.
4
0 (base 4) to base 14
0
-3 (base 9) to base 5
-3
Convert -100010 (base 2) to base 12.
-2a
Convert -9 (base 13) to base 2.
-1001
Convert -50 (base 15) to base 14.
-55
What is -7 (base 15) in base 7?
-10
-13 (base 16) to base 11
-18
-102 (base 3) to base 7
-14
-100010010 (base 2) to base 15
-134
What is -13 (base 4) in base 14?
-7
What is 5 (base 13) in base 8?
5
-4 (base 12) to base 8
-4
What is 4 (base 16) in base 6?
4
Convert 0 (base 16) to base 5.
0
-2 (base 4) to base 16
-2
-3 (base 15) to base 3
-10
Convert 23 (base 4) to base 12.
b
Convert 39 (base 15) to base 16.
36
Convert -12 (base 8) to base 9.
-11
Convert -2 (base 16) to base 7.
-2
Convert -1332 (base 4) to base 7.
-240
Convert -47 (base 11) to base 8.
-63
What is 53 (base 10) in base 5?
203
-8e (base 15) to base 12
-b2
What is -2 (base 16) in base 11?
-2
Convert -2011 (base 4) to base 9.
-157
Convert -114 (base 6) to base 15.
-31
10 (base 5) to base 10
5
What is -c (base 14) in base 7?
-15
-30 (base 8) to base 15
-19
Convert -91 (base 14) to base 2.
-1111111
Convert 243 (base 6) to base 8.
143
What is 2 (base 14) in base 2?
10
-33 (base 4) to base 7
-21
Convert -6 (base 7) to base 10.
-6
-7 (base 13) to base 9
-7
What is -2 (base 11) in base 16?
-2
What is 342 (base 10) in base 11?
291
Convert 12 (base 5) to base 13.
7
Convert 3 (base 12) to base 9.
3
Convert -2 (base 7) to base 13.
-2
Convert -7 (base 9) to base 4.
-13
Convert -4 (base 6) to base 13.
-4
Convert -43 (base 13) to base 8.
-67
What is -6 (base 8) in base 10?
-6
Convert 3 (base 7) to base 2.
11
Convert -131 (base 5) to base 4.
-221
Convert 11 (base 4) to base 3.
12
What is 221 (base 11) in base 13?
175
Convert 46 (base 14) to base 16.
3e
-100101 (base 2) to base 15
-27
What is -101011 (base 2) in base 10?
-43
48 (base 9) to base 3
1122
What is 37 (base 8) in base 10?
31
10102 (base 3) to base 13
71
Convert b (base 15) to base 14.
b
What is -11 (base 6) in base 16?
-7
1